519
What are the prime factors of 147417?
3, 49139
What are the prime factors of 32540?
2, 5, 1627
List the prime factors of 69556.
2, 17389
What are the prime factors of 354?
2, 3, 59
What are the prime factors of 6998?
2, 3499
List the prime factors of 27573.
3, 7, 13, 101
List the prime factors of 45598.
2, 7, 3257
What are the prime factors of 3493?
7, 499
List the prime factors of 874.
2, 19, 23
What are the prime factors of 35679?
3, 7, 1699
List the prime factors of 2079.
3, 7, 11
What are the prime factors of 1100?
2, 5, 11
List the prime factors of 9461.
9461
List the prime factors of 8833.
11, 73
What are the prime factors of 14701?
61, 241
List the prime factors of 860.
2, 5, 43
What are the prime factors of 1363?
29, 47
What are the prime factors of 8553?
3, 2851
What are the prime factors of 45160?
2, 5, 1129
What are the prime factors of 32968?
2, 13, 317
What are the prime factors of 6724?
2, 41
What are the prime factors of 478?
2, 239
List the prime factors of 53426.
2, 26713
List the prime factors of 3936.
2, 3, 41
List the prime factors of 292.
2, 73
List the prime factors of 7480.
2, 5, 11, 17
List the prime factors of 1405.
5, 281
What are the prime factors of 2008?
2, 251
List the prime factors of 21977.
21977
List the prime factors of 56781.
3, 701
What are the prime factors of 11807?
11807
What are the prime factors of 9123?
3, 3041
What are the prime factors of 41759?
41759
What are the prime factors of 359?
359
List the prime factors of 2360.
2, 5, 59
List the prime factors of 18955.
5, 17, 223
What are the prime factors of 1080?
2, 3, 5
What are the prime factors of 2608?
2, 163
What are the prime factors of 4174?
2, 2087
What are the prime factors of 5717?
5717
What are the prime factors of 8638?
2, 7, 617
What are the prime factors of 49185?
3, 5, 1093
What are the prime factors of 82218?
2, 3, 71, 193
What are the prime factors of 9?
3
List the prime factors of 8132.
2, 19, 107
What are the prime factors of 825?
3, 5, 11
What are the prime factors of 942?
2, 3, 157
What are the prime factors of 412?
2, 103
What are the prime factors of 5572?
2, 7, 199
What are the prime factors of 4442?
2, 2221
What are the prime factors of 504?
2, 3, 7
What are the prime factors of 1409?
1409
What are the prime factors of 50576?
2, 29, 109
List the prime factors of 5647.
5647
List the prime factors of 37849.
7, 5407
What are the prime factors of 16566?
2, 3, 11, 251
List the prime factors of 7700.
2, 5, 7, 11
List the prime factors of 13984.
2, 19, 23
List the prime factors of 57629.
11, 13, 31
What are the prime factors of 3303?
3, 367
What are the prime factors of 25356?
2, 3, 2113
What are the prime factors of 67273?
67273
What are the prime factors of 1468?
2, 367
What are the prime factors of 529?
23
List the prime factors of 162.
2, 3
What are the prime factors of 35922?
2, 3, 5987
What are the prime factors of 19470?
2, 3, 5, 11, 59
List the prime factors of 39997.
23, 37, 47
What are the prime factors of 4423?
4423
List the prime factors of 1215.
3, 5
List the prime factors of 150992.
2, 9437
What are the prime factors of 27000?
2, 3, 5
List the prime factors of 6803.
6803
What are the prime factors of 1385?
5, 277
List the prime factors of 5481.
3, 7, 29
What are the prime factors of 1135?
5, 227
What are the prime factors of 60333?
3, 7, 13, 17
What are the prime factors of 439?
439
What are the prime factors of 330?
2, 3, 5, 11
What are the prime factors of 4453?
61, 73
List the prime factors of 3099.
3, 1033
What are the prime factors of 11053?
7, 1579
What are the prime factors of 30660?
2, 3, 5, 7, 73
What are the prime factors of 1595?
5, 11, 29
What are the prime factors of 1206?
2, 3, 67
What are the prime factors of 24152?
2, 3019
List the prime factors of 1418.
2, 709
List the prime factors of 11924.
2, 11, 271
List the prime factors of 744.
2, 3, 31
List the prime factors of 1284.
2, 3, 107
What are the prime factors of 2160?
2, 3, 5
What are the prime factors of 2889?
3, 107
List the prime factors of 2859.
3, 953
List the prime factors of 75389.
75389
What are the prime factors of 11309?
43, 263
What are the prime factors of 4864?
2, 19
What are the prime factors of 34?
2, 17
What are the prime factors of 3980?
2, 5, 199
What are the prime factors of 93932?
2, 23, 1021
List the prime factors of 597.
3, 199
What are the prime factors of 4267?
17, 251
What are the prime factors of 148450?
2, 5, 2969
What are the prime factors of 19125?
3, 5, 17
What are the prime factors of 49387?
13, 29, 131
What are the prime factors of 17907?
3, 47, 127
List the prime factors of 12601.
12601
List the prime factors of 33563.
33563
What are the prime factors of 2661?
3, 887
List the prime factors of 532.
2, 7, 19
What are the prime factors of 99?
3, 11
List the prime factors of 108796.
2, 59, 461
List the prime factors of 9409.
97
What are the prime factors of 36172?
2, 9043
List the prime factors of 2037.
3, 7, 97
List the prime factors of 7572.
2, 3, 631
What are the prime factors of 4406?
2, 2203
List the prime factors of 884.
2, 13, 17
List the prime factors of 6640.
2, 5, 83
What are the prime factors of 1678?
2, 839
List the prime factors of 2838.
2, 3, 11, 43
What are the prime factors of 1325?
5, 53
List the prime factors of 695.
5, 139
What are the prime factors of 5515?
5, 1103
What are the prime factors of 3497?
13, 269
What are the prime factors of 680?
2, 5, 17
List the prime factors of 642.
2, 3, 107
List the prime factors of 1811.
1811
List the prime factors of 1579.
1579
List the prime factors of 209.
11, 19
List the prime factors of 362.
2, 181
What are the prime factors of 14068?
2, 3517
List the prime factors of 15165.
3, 5, 337
List the prime factors of 35334.
2, 3, 13, 151
What are the prime factors of 26964?
2, 3, 7, 107
What are the prime factors of 46942?
2, 7, 479
List the prime factors of 58807.
7, 31, 271
What are the prime factors of 17215?
5, 11, 313
List the prime factors of 36134.
2, 7, 29, 89
List the prime factors of 14228.
2, 3557
What are the prime factors of 16460?
2, 5, 823
List the prime factors of 428.
2, 107
List the prime factors of 15873.
3, 11, 13, 37
What are the prime factors of 20520?
2, 3, 5, 19
What are the prime factors of 19259?
19259
List the prime factors of 239.
239
List the prime factors of 22115.
5, 4423
What are the prime factors of 36725?
5, 13, 113
List the prime factors of 1353.
3, 11, 41
What are the prime factors of 99115?
5, 43, 461
List the prime factors of 70558.
2, 35279
What are the prime factors of 58471?
7, 8353
List the prime factors of 5673.
3, 31, 61
What are the prime factors of 872?
2, 109
List the prime factors of 4652.
2, 1163
What are the prime factors of 1860?
2, 3, 5, 31
List the prime factors of 27521.
13, 29, 73
What are the prime factors of 327?
3, 109
What are the prime factors of 1123?
1123
List the prime factors of 2786.
2, 7, 199
List the prime factors of 15068.
2, 3767
List the prime factors of 13556.
2, 3389
What are the prime factors of 89406?
2, 3, 4967
List the prime factors of 41312.
2, 1291
List the prime factors of 8259.
3, 2753
What are the prime factors of 5024?
2, 157
What are the prime factors of 18508?
2, 7, 661
What are the prime factors of 93429?
3, 7, 1483
List the prime factors of 97947.
3, 10883
List the prime factors of 771.
3, 257
What are the prime factors of 2281?
2281
List the prime factors of 59587.
11, 5417
What are the prime factors of 6125?
5, 7
List the prime factors of 35386.
2, 13, 1361
List the prime factors of 16597.
7, 2371
What are the prime factors of 12709?
71, 179
What are the prime factors of 5930?
2, 5, 593
What are the prime factors of 1471?
1471
List the prime factors of 41686.
2, 19, 1097
What are the prime factors of 2061?
3, 229
List the prime factors of 6849.
3, 761
What are the prime factors of 822?
2, 3, 137
What are the prime factors of 1805?
5, 19
What are the prime factors of 645?
3, 5, 43
What are the prime factors of 38847?
3, 23, 563
List the prime factors of 4836.
2, 3, 13, 31
What are the prime factors of 11147?
71, 157
List the prime factors of 1571.
1571
What are the prime factors of 107835?
3, 5, 7, 13, 79
What are the prime factors of 2936?
2, 367
What are the prime factors of 161